17. What is the units digit of n(2)?
3
Suppose -5*m - 35 = 2*w, -3*w + w + m - 5 = 0. Let h(j) = j**2 - 2*j - 8. What is the units digit of h(w)?
7
Let u(a) be the third derivative of -9*a**6/40 + a**5/60 + a**4/12 + a**3/6 + 38*a**2. What is the hundreds digit of u(-2)?
2
Suppose 5*l + 69*i - 67*i = 6325, 5*l - 4*i = 6295. What is the tens digit of l?
6
Let h be 4/(-10) + 3/(-5). Let q be 1/(h/(-12)*-3). What is the tens digit of 2/q*2*-31?
3
Suppose 1074 = 3*h - 2*d - 3*d, -15 = 5*d. What is the units digit of h?
3
Let d(s) = 105*s**2 - 38*s - 158. What is the thousands digit of d(-7)?
5
Let o = 18 - 2. Let a = 35 - o. What is the tens digit of a?
1
Let d = 14 + -7. Suppose -54 = -4*i - 58. What is the tens digit of d*i/(21/(-90))?
3
Let g = 301 - 461. Let b be (-24)/10*g/6. Suppose -b = -4*u + 20. What is the units digit of u?
1
Let q = -28 - -191. Suppose 2*h - q = a - 0*a, h - 68 = 5*a. What is the units digit of h?
3
Suppose 5*c + 3*p + 4 = 0, 2*c + 4*p + p - 6 = 0. What is the units digit of 30/7 - c/(-7)?
4
What is the tens digit of (-3213)/(-45)*(-100)/(-4)?
8
Let d(m) = 2*m**2 + 3*m + 12. Suppose 0 = -3*n - 4*u + 10, 0 = -n + 2*u + 3 + 7. What is the units digit of d(n)?
2
Let n = 89 - 9. Suppose 5*g = n + 20. What is the tens digit of g?
2
Let o(r) = -r - 10. Let a be o(-10). What is the units digit of (1 - a)/(2/12)?
6
Let w = -27 - -31. Suppose w*n = -2 + 14. What is the units digit of n?
3
Let c = -3640 - -5685. What is the thousands digit of c?
2
Let j = 4731 + -2941. What is the thousands digit of j?
1
Suppose -195*z + 203*z = 1896. What is the units digit of z?
7
Suppose 2*p = -2*d + 6*d - 1362, -2*p - 10 = 0. Let s = d - 190. What is the units digit of s?
8
Let u(x) = -x - 3. Let s be u(-5). Let q(y) = 2*y + 0*y**3 - y**2 + 28*y**3 - 2*y**s. What is the tens digit of q(1)?
2
Let o(q) = -4*q**2 + 2*q + 1. Let i be o(-1). Let p(f) = f**3 + 6*f**2 + 5*f + 7. Let c be p(i). Let k = c + -1. What is the units digit of k?
6
Suppose 29*f - 962 - 9275 = 0. What is the units digit of f?
3
What is the tens digit of 536 + (5 - ((-5 - -5) + 5))?
3
Suppose 0*f + f = -3*q - 185, -2*f = -3*q - 170. Let h = 273 + q. What is the tens digit of h?
1
Let y = 2 - -1. Suppose 3*q - 8 - 21 = 4*s, 2*q = 2*s + 16. Suppose c = 2*l + 51 - q, -2*l - 152 = -y*c. What is the units digit of c?
2
What is the tens digit of ((-38)/(-20))/(-19) - 14322/(-20)?
1
Suppose 38 = -a + 3*x, 0*x + x + 110 = -5*a. Let z = a + 35. What is the units digit of z?
2
Let f(n) = n**3 + 15*n**2 - 17*n - 7. Let d be f(-16). Suppose -64 = d*w - 217. What is the units digit of w?
7
Let h be ((-160)/48)/(2/(-39)). What is the units digit of (52/h)/(2/25)?
0
Suppose -3*o - 2*c + 11 = 3*c, 4*o + 4*c - 12 = 0. Suppose -15 = o*v + 5*q - 113, -2*v + 114 = q. What is the units digit of v?
9
Suppose -4*s - 5*a = -3817, -5*s - 7*a = -3*a - 4778. What is the hundreds digit of s?
9
Suppose -5*d = -36 + 6. Suppose 4*r + 10 = 2*y, 0 = y - 0*y - 4*r - 1. Suppose -d*z + y*z - 81 = 0. What is the units digit of z?
7
Let q be ((-20)/30)/((-2)/6). Suppose 4*y = -q - 10. Let w = y + 6. What is the units digit of w?
3
Suppose -3*d = -j - 10, d - 5*d = -j - 13. Suppose g = -5*h + h - 17, -h = d. Let o = 0 - g. What is the units digit of o?
5
Let k be 8*8/12*3. Let i = k + -24. What is the units digit of -38*4/(1*i)?
9
Suppose 6*o = 9*o - 6. Let r be -3 + (1 + 49)/o. What is the tens digit of (r - (-4)/2) + -1?
2
Suppose -1775 = -5*a + 2525. What is the hundreds digit of a?
8
What is the tens digit of (-1 - 4)*-41 + -7?
9
Let r(q) = 4*q - 4*q**2 - 1 - q**2 - 2 - 2 - q**3. Let z(n) = n**3 + 8*n**2 + 7*n - 6. Let x be z(-7). What is the units digit of r(x)?
7
Suppose -525 - 4779 = -17*f. What is the hundreds digit of f?
3
Let w(i) = -i**2 + i. Let n(y) = -y**3 - 2*y**2 - 10*y + 8. Let j(d) = n(d) + 4*w(d). What is the tens digit of j(-7)?
9
Let r = -13 + 27. Suppose 3*a + 2 - 1 = 2*d, r = 5*d + 4*a. Suppose 12 = -d*h + 36. What is the units digit of h?
2
Let l(v) = -3*v**3 - 3*v**2 + 3*v - 71. What is the thousands digit of l(-13)?
5
Suppose 0 = -4*f - 4*n + 32, n + n = 2*f. Suppose 4*u = 2*b + f, 3*b - u + 3 = 17. What is the units digit of b?
6
Let u be 9*((-339)/27 + 4/18). Let x = u - -196. What is the tens digit of x?
8
Let y be (-4)/((-144)/(-9246)) + 2/(-12). Let n = 389 + y. What is the tens digit of n?
3
Suppose -v + 2 = 0, 0 = -5*i - 0*v - v + 22. Suppose 8*n = i*n + 304. What is the tens digit of n?
7
What is the hundreds digit of (63 - -715) + (2/1 - 0)?
7
Let f be 1*1*-14*33/(-2). Let b = f + -138. What is the units digit of b?
3
Suppose -10*k + 17*k - 1624 = 0. What is the hundreds digit of k?
2
Let g(l) = -12*l - 4. Let f(y) = 12*y + 3. Suppose -3*j - 1 = 11. Let v(h) = j*g(h) - 5*f(h). What is the units digit of v(-1)?
3
Let o(y) = 4*y - 9. Let t be o(3). Suppose -t*d + 34 = -2*d - 5*z, -4*d - z + 31 = 0. Let u = d + 15. What is the tens digit of u?
2
Suppose -4*j - 64 = 4*f, -f - 1 = -5*j + 9. Let p(c) = c**2 + 12*c - 11. What is the units digit of p(f)?
4
Suppose w - 3*w - 6 = 0, 0 = -4*u - 2*w + 2. Suppose 0 = p - 3*p + 4*c, -4*p + u*c = -12. Suppose -p*f + 30 + 54 = 0. What is the units digit of f?
1
Let p(c) = -c**3 + 7*c**2 + 3*c + 12. What is the units digit of p(7)?
3
Let s = 13 + -33. Let r = s + 85. What is the units digit of r?
5
Let x(j) = 2*j**2 + 27*j - 38. What is the units digit of x(-16)?
2
What is the units digit of (3450/(-24) + -6)/(1/(-12))?
7
Let f(k) = k**2 - 10*k - 16. Let r be f(14). Let z = r - -118. Suppose 0 = -6*c + 4*c + z. What is the tens digit of c?
7
Let v be (9/18)/((-2)/(-132)). What is the tens digit of 6000/v - 20/(-110)?
8
Let y = 3 + -7. Let r be y/(-10) + 316/10. Suppose -3*t = 2*m - 52, -t + m + r = -2*m. What is the units digit of t?
0
Let v(p) = 18*p + 2 - 14*p - 7. What is the units digit of v(12)?
3
Let q = 304 - -407. What is the hundreds digit of q?
7
Suppose 7215 = -3*b - 10*b. Let h = -321 - b. What is the units digit of h?
4
Let v(h) = -2*h**3 + 5*h**2 - 15*h + 6. What is the tens digit of v(-7)?
4
Let p = 20 - 16. Suppose p*u - 38 = -2*w - 6, -7 = -w + u. Suppose 0 = -w*o + 5*o + 40. What is the units digit of o?
8
Let i be (-63)/(-6)*(-4)/6. Let q = i - -61. Suppose -4*b = -3*u + 12 + q, 4*u - 87 = 5*b. What is the units digit of u?
8
Let h = -28 + -15. Let o = h - -83. What is the units digit of o?
0
Suppose 3*d - 26 = -5*o, 8 = -4*d + 6*o - 2*o. What is the units digit of (5 + -3)/d*79?
9
Let h be (-28)/(-70) - 22/5. Let p(y) = -8*y - 29. What is the units digit of p(h)?
3
Let j(v) = -7*v + 11 + 24 - v**2 + 26*v. What is the tens digit of j(15)?
9
Suppose -i = 7*h - 2*h - 59, -h + 141 = 4*i. Suppose -33*b + i*b = 128. What is the units digit of b?
8
Let j = 727 + -427. Suppose 0 = 3*l - 3*u - u - j, 5*l - 511 = 3*u. What is the tens digit of l?
0
Let m(w) = -2 - 37*w**2 - 10*w + 7*w + 13*w**2. Let c be m(-1). Let p = 44 + c. What is the tens digit of p?
2
Suppose -3*x + 24 = -4*n + 3*n, -n - 24 = 4*x. Let p = 24 + n. Suppose 5*c + p*c = 165. What is the units digit of c?
3
Let o(b) be the third derivative of b**5/4 + b**4/12 + b**3/2 + 3*b**2. What is the tens digit of o(-2)?
5
What is the units digit of (1/(-2))/(6 + 14426/(-2404))?
1
What is the units digit of 637 + (0/(-5))/1?
7
Let d = 931 + -134. What is the hundreds digit of d?
7
Suppose -4*n - 5*s - 20 = 0, -s - 16 = -3*n + 3*s. Suppose 3*x = -n*x + 357. What is the units digit of x?
9
Suppose 0*r = 5*i + 3*r - 53, i - 9 = -r. Suppose -7*v = -i*v + 798. What is the tens digit of v?
3
Let j be (-4 - (-1 + -2))*0/(-1). Suppose j = -2*r - 3*n - n + 14, -2*r + n = -29. What is the tens digit of r?
1
Let h be (((-96)/2)/4)/(-2). Let w(c) = c**3 - 7*c**2 + 5*c + 8. Let p be w(h). Suppose -u = p - 29. What is the units digit of u?
7
Let l = 0 - -9. Suppose l*i + 636 = 12*i. Suppose 2*v + 2*v = i. What is the units digit of v?
3
Suppose -8*w + 5*w = 126. Let k = 37 - w. What is the tens digit of k?
7
Let u = -5958 - -11188. What is the thousands digit of u?
5
Suppose -4*f + 2*f = -36. Let h be 3/(-1) - (-7 - -3). Let i = f - h. What is the tens digit of i?
1
Suppose -9*j + 21*j = 8184. What is the tens digit of j?
8
Let t be 3*4/(-6) - -2. Suppose -u + 5*j + 29 = t, 4*u + 0*u = 3*